 -5*t. Let a = -216 + 222. What is the highest common divisor of t and a?
6
Suppose 0 = 5*w + 3*z - 4*z - 32, -3*z = -9. What is the highest common divisor of w and 3?
1
Suppose 0 = 97*k - 36*k - 4270. Let v(r) = 60*r - 5. Let b be v(3). Calculate the highest common factor of k and b.
35
Let n(b) = -2*b**3 + 31*b**2 + 16*b + 32. Let g be n(16). Calculate the highest common divisor of g and 28.
4
Let x(c) = c**2 + 2*c + 2. Let o be x(5). Let q be -4 + 293 + 7/1. What is the highest common divisor of o and q?
37
Suppose -j - 340 = -5*j. Let z be 0 - -6 - 2 - (1 - 14). What is the highest common factor of z and j?
17
Let b = 890 - 883. Suppose -5*l + 6*t = t - 75, l - 19 = 5*t. Calculate the highest common factor of l and b.
7
Let p(k) = -k**2 - 8*k + 9. Let z be p(-9). Let n = -4 + 13. Suppose -j + n - 2 = z. What is the greatest common factor of j and 35?
7
Suppose 14*q = 8*q + 120. Let l be (-14)/63 + (-38)/(-9). Suppose z + l*z + 3*x = 712, z + 4*x - 156 = 0. What is the greatest common factor of z and q?
20
Let y = -76 + 129. Suppose -d + f = -9, 5*f - 16 = 3*d - y. Suppose 0 = 3*u - d*u + 24. What is the greatest common divisor of 120 and u?
24
Suppose n + 4 = 17. Let k(h) = 5*h - 17. Let y be k(n). Calculate the greatest common factor of 12 and y.
12
Let a be 1/((-3)/9) + 39. Let d = a + -29. Calculate the highest common divisor of d and 7.
7
Let l(p) = -12*p**2 + p**3 + 29*p**2 - 7*p - 12*p**2. Let h be l(-6). Let j be ((-8)/h)/((-8)/72). What is the greatest common factor of 96 and j?
12
Let i = -1460 - -1485. What is the highest common factor of i and 1600?
25
Let w(o) = -o**3 - o - 1. Let i be w(-3). Suppose -2*s + 56 = -2*r, r - 63 = -2*s - 4*r. Calculate the greatest common divisor of s and i.
29
Let w be ((-7)/3)/(179/(-28998)). Calculate the greatest common divisor of 135 and w.
27
Suppose 2*f - 32 = 28. Let t(n) = 3*n**2 + n - 2. Let c be t(2). Calculate the greatest common factor of c and f.
6
Let f(s) = s**3 - 5*s**2 - 5*s + 2. Suppose 1 = -b, j = -4*b + 7*b + 9. Let c be f(j). Suppose -20 = 6*u - 7*u. Calculate the highest common divisor of u and c.
4
Suppose 0 = 2*u + 161 - 201. What is the highest common divisor of 100 and u?
20
Let q be (-52)/(-4) - (-210)/(-21). What is the highest common factor of 8 and q?
1
Let x = 549 - 318. Calculate the highest common factor of 33 and x.
33
Let d(q) = -8*q**2 + q - 1. Let p(o) = 57*o**2 - 6*o + 6. Let j(f) = -15*d(f) - 2*p(f). Let h be j(2). Calculate the greatest common divisor of h and 3.
3
Let n(a) = 3*a - 19. Let h be n(8). Suppose h*r = 116 + 44. Calculate the highest common factor of 64 and r.
32
Let i be (-12)/54 - 362/(-9). Let c(z) = -z**2 - z + 66. Let u be c(-8). What is the highest common divisor of u and i?
10
Suppose 0 = -2*g - 23 + 113. What is the greatest common factor of g and 15?
15
Suppose 0 = i - 2*q - 9 - 1, -4*i = -4*q - 28. Suppose i*b - 3*b + 3*r = 48, 5*r + 40 = b. Calculate the greatest common divisor of b and 9.
9
Suppose v - 5*a = -21, 6*v + 2*a - 3 = v. Let c be 140/4 + v + 1. Let k be (-7)/(-4)*(-1 - -9). What is the highest common factor of k and c?
7
Let l(r) be the first derivative of 8*r**3/3 + r**2/2 - 3*r + 10. Let b be l(1). Calculate the highest common divisor of 8 and b.
2
Let a be (609/116)/(9/96). What is the highest common factor of a and 1400?
56
Let z be (3 - 2) + (12 - 88). Let u be (-164)/(-10) + 30/z. What is the highest common divisor of u and 96?
16
Let k(w) = 2*w - 1 - 23*w - 2. Let t be k(-8). Let g = 24 + -9. Calculate the greatest common divisor of t and g.
15
Let g(l) = 3*l**2 - 2. Let m be g(-4). Suppose 58*c = 68*c - 1150. Calculate the greatest common divisor of m and c.
23
Let x = -227 + 359. Let k be (18 - 2 - 2)*24/28. Calculate the highest common factor of x and k.
12
Suppose -14*w - 1051 = -1471. Let t be ((-42)/5)/((-2)/50). Calculate the greatest common divisor of w and t.
30
Suppose 0 = -m + 6*m - 10. Suppose -3 = 3*t - c - 13, 0 = 2*t - m*c - 12. What is the highest common factor of 22 and t?
2
Let z be -8 - -4 - (-1 + -2). Let c = z - -3. Calculate the greatest common factor of c and 1.
1
Let f(j) = j**3 + 24*j**2 - 2*j + 15. Let i be f(-21). Calculate the greatest common divisor of 10 and i.
10
Let c be (140/(-16))/((-2)/24). Let i = 111 + c. What is the highest common factor of 24 and i?
24
Let c be -1 - (-21)/12 - (-9)/4. Suppose -v - 22 = -2*h, -2*v - 26 = -3*h + c*v. Calculate the highest common factor of h and 3.
3
Let y(a) = -5*a + 14. Let c be y(3). Let g be 10*((-10)/25)/c - -13. What is the highest common divisor of 68 and g?
17
Suppose -6*q - 7*q = -39. Suppose z + q = 3*l + 33, -4*z + 148 = -5*l. What is the greatest common factor of z and 63?
21
Suppose 19*m = 20*m - 130. What is the highest common divisor of 4 and m?
2
Let c be (168 - 0) + (6/1 - 3). Calculate the greatest common divisor of c and 57.
57
Let d be 4/14 - (-2)/(-7). Let k(t) = -t**3 - t**2 + 5. Let l be k(d). Let q = 430 - 415. Calculate the highest common divisor of l and q.
5
Let p = 13 - 6. Let r = 7 + 7. What is the highest common factor of p and r?
7
Suppose 10*j + 9653 - 33333 = 0. What is the greatest common divisor of j and 64?
64
Suppose 2*r - 2 = -h - 0*r, 4*h = 4*r + 20. Suppose -g - 18 = -h*g. Let y(x) = -x**2 + 8*x. Let w be y(g). What is the highest common factor of 4 and w?
4
Let b = 118 - 113. What is the greatest common divisor of b and 160?
5
Suppose -4*t = 5*s + 335, -3*s - 26 = 3*t + 178. Let r = -58 - s. Suppose -4*l + 54 + 46 = 0. Calculate the highest common factor of l and r.
5
Let i = 90 - 54. Let u(j) = j**3 + 4*j**2 - 4*j - 4. Let o be u(-4). Calculate the highest common divisor of i and o.
12
Suppose g - 12 = -i, 12 = -3*i - i. Let d = 1 + 4. What is the highest common factor of d and g?
5
Suppose 0 = -2*f + 5*f. Suppose f = -3*j - 6, d - 3*j - 14 - 12 = 0. What is the highest common divisor of d and 220?
20
Suppose -3*c = -13 - 14. Let h = -11 + 28. Let j = h - 8. What is the highest common divisor of j and c?
9
Let r = -7 - -10. Suppose -r*z = 2*z - 15. Calculate the highest common divisor of 21 and z.
3
Suppose -4*z - d + 820 = 0, 800 = 9*z - 5*z - 4*d. What is the greatest common divisor of 12 and z?
12
Let x = 24 - 17. Let c = -4 + x. Suppose -3*u + 2*u + 4 = 0, -p + c*u = 7. What is the highest common factor of 1 and p?
1
Let v(r) = 8 - r**2 + 0*r**2 + 43*r - 1 + r**3 - 37*r. Let g be v(7). What is the highest common factor of g and 49?
49
Suppose -231*o + 245*o = 19278. What is the greatest common factor of o and 81?
81
Let w(x) = 7*x**2 - 386*x - 82. Let d be w(58). Calculate the highest common factor of 196 and d.
98
Let l be (-52)/104*(-48 + 0). Calculate the highest common divisor of 32 and l.
8
Let a = -44 - -84. What is the greatest common factor of 10 and a?
10
Suppose -1192 = -24*k + 2216. What is the highest common factor of k and 71?
71
Suppose -8 = -2*h + o + 120, -4*o + 55 = h. Calculate the greatest common divisor of h and 28.
7
Let j = -29 - -17. Let h be (-26)/(-7) - j/42. Suppose h*f - 6*f = -8. Calculate the highest common factor of 16 and f.
4
Let l(x) = 1 + 3*x - 4 + 6*x**2 - 2*x**2 - 2*x**2. Let r be l(-5). Suppose -63 = -7*q - 7. What is the highest common divisor of r and q?
8
Suppose -2*p = 2*p - 52. Let t = 10 + 4. Let j be 156/2*7/t. Calculate the highest common factor of p and j.
13
Let r(s) = -s**2 + 5*s - 3. Let y be r(3). Let p = -71 + 75. Let n be ((-6)/5)/((-3)/30*p). Calculate the greatest common factor of y and n.
3
Suppose 0 = v - 1 - 2. Let n be (-4 + v)*11*-1. Calculate the greatest common divisor of 11 and n.
11
Let u be ((-8)/(-16))/((-1)/(-2)). Let l be (-4)/(-6) + 16/(-24). Let h(z) = -z + 1. Let i be h(l). Calculate the highest common divisor of u and i.
1
Let a be 4/(-14) - ((-6817)/119 - -11). Calculate the greatest common factor of 230 and a.
46
Suppose 2 = 2*j - j. Suppose 3*s + 12 = 3*d - s, -j*d + 8 = -5*s. Calculate the greatest common factor of d and 6.
2
Let p(n) = 5*n - 28. Let m be p(15). Let r = 51 - m. Calculate the highest common factor of r and 1.
1
Suppose -32 = 11*z - 186. Suppose 18 = 3*o - 5*w - 3, 5*w = -15. What is the highest common divisor of z and o?
2
Let v be 0*5/20*1. Let n = v + 8. What is the greatest common divisor of 12 and n?
4
Su